2 + 17*z + 3. Let l be 5/(3 + 2/(-3) + -2). What is the units digit of y(l)?
3
Let u be 3/(-1)*(-9)/(-1). Suppose -14 = -3*f - 170. Let d = u - f. What is the tens digit of d?
2
Suppose 66*h - 24*h - 75432 = 0. What is the units digit of h?
6
Let j be (2 + 1 + (-423)/5)*-10. Suppose 0 = 15*q - 1134 - j. What is the units digit of q?
0
Suppose -2*w + 3232 = m, 0*m - 3*m + 9706 = w. What is the hundreds digit of m?
2
Let h(w) = w + 14. Let r be h(7). Suppose 1050 = -11*a + r*a. What is the hundreds digit of a?
1
Let a(f) = 254*f**2 + 2*f - 1. Suppose 2*w + 0*w + 2 = 0. What is the tens digit of a(w)?
5
Suppose 2*n - 2 = 0, 0 = -5*d + 2*n - 0*n + 2473. Suppose -d = 2*p + 3*p. Let r = -69 - p. What is the tens digit of r?
3
Let y(v) = -3*v**2 - 11*v + 4. Let t(h) = 2*h**2 + 6*h - 2. Let r(b) = 5*t(b) + 3*y(b). Let m be r(2). What is the tens digit of (m + -1 + 2)*37?
3
Let f(t) = -92*t + 13. Let q(n) = 46*n - 7. Let c(h) = 2*f(h) + 5*q(h). What is the units digit of c(4)?
5
Let c be 3*2/18*12 - -626. Let g = -402 + c. What is the hundreds digit of g?
2
Let l = 10 + -7. Let y(f) = 12*f**2 - 2*f - 2. Let i be y(2). Suppose -l*v + v = -i. What is the units digit of v?
1
Let l(y) = 5*y**3 - 10*y**2 - 10*y - 10. Let b(q) = 14*q**3 - 30*q**2 - 30*q - 30. Let a(r) = -6*b(r) + 17*l(r). What is the tens digit of a(-8)?
5
Suppose 0 = -r - 5*x + 6, 3*r + 3*x - 5*x = -50. Let h = 25 + r. What is the units digit of (h/2)/(1/4)?
2
What is the tens digit of 2656/5 - (-216)/(-180)?
3
Let f = 8 + -5. Suppose -2*a - 13 = f. What is the units digit of (36/a)/3*-2?
3
Let f = -6 + 10. Suppose 0*t - t + 125 = 2*u, -f*t - 150 = -2*u. Suppose 0*o - 3*v = -5*o + u, -o - 3*v + 31 = 0. What is the units digit of o?
6
Let s = -786 - -2471. What is the units digit of s?
5
Suppose 0 = -4*k + 13 - 1. What is the tens digit of (k/(-6))/((-2)/288)?
7
What is the tens digit of 242/22 + 1065 + 0?
7
Let q = 8 - 10. Let n be (8/12)/(q/(-138)). Let s = n + -26. What is the tens digit of s?
2
Let f = -199 + 317. What is the hundreds digit of f?
1
What is the tens digit of 3/3*(-4 + 158 - -3)?
5
Let s be (-4 - (-5 + -1)) + -20. What is the units digit of (6/s)/((-2)/36)?
6
Let m = 6935 + -3556. What is the units digit of m?
9
Suppose -5*g + 700 = 5*x - 1605, -922 = -2*g - 5*x. What is the tens digit of g?
6
Let v(c) be the second derivative of c**4 - c**3/2 - c**2/2 + 11*c. What is the units digit of v(-2)?
3
Let u = 25 - 8. Let d = u - 17. Suppose 2*x + 3*z = x + 22, -2*x + 4*z + 94 = d. What is the units digit of x?
7
Let s = -105 + 318. What is the tens digit of s?
1
Suppose -c - 4*c = -5*i - 12505, -12487 = -5*c - i. What is the tens digit of c?
9
Suppose 8*p = -14*p + 21538. What is the hundreds digit of p?
9
Suppose -4*w = a - 6*a - 5, 3*a = 2*w - 1. Suppose 6 = -6*h + 7*h - a*k, 0 = 4*h + k - 24. What is the units digit of h?
6
Let i = 16 + -67. Let h = i + 79. What is the units digit of h?
8
Let r(s) = -3*s - 11. Let w be r(-8). Let a = 16 - w. Suppose 0 = 4*l + 3*i + a, -i = -0*i + 5. What is the units digit of l?
3
Let r be (-15)/(-13) - 4/26. Let w = r + 1. Suppose 4*g - 3*m = 10, -4*g + m - w + 8 = 0. What is the units digit of g?
1
Let t = 14 - 34. Let i = t - -29. What is the units digit of i?
9
Let t(y) = 3396*y - 129. What is the thousands digit of t(1)?
3
Let q = -2146 - -2840. What is the tens digit of q?
9
Let i(g) = 5*g**2 + 23*g - 122. What is the tens digit of i(7)?
8
Let a be (1*10)/(32/16). Suppose 0 = -a*m + d + 896, 2 + 2 = -4*d. What is the units digit of m?
9
Suppose 5*s = 3*o + o + 23, -10 = 5*o. Let h(w) = -5*w - 3*w + 1 - w**2 - 4 - s. What is the units digit of h(-5)?
9
Let x(a) = 3*a**3 + 11*a**2 + a - 11. Let u(g) = -4*g - 32*g**2 - 8*g**3 + 5 + 14 + 13. Let q(t) = -4*u(t) - 11*x(t). What is the tens digit of q(7)?
2
Let b be 1*(6 + -3) + 87. Let x = b + -51. Let f = x - 16. What is the tens digit of f?
2
Let l(f) = -21*f + 0*f**2 + 7*f - f**2 + 13. What is the units digit of l(-12)?
7
Suppose 0*d - 3*d + 15 = 0. Suppose -d*j + 6 = -8*j. What is the tens digit of (-81)/j - (-7)/(-14)?
4
Suppose -2*h + 3219 = h - 3*j, 4*h = 3*j + 4295. What is the thousands digit of h?
1
Suppose 0 = 2*i - 4*i + 12. Let k(u) = -4*u + 2419 + u - 2421 + 2*u**2. What is the tens digit of k(i)?
5
Let g = -44 - -53. What is the tens digit of 372/18*g/6?
3
Let w be (12/20 + -1)/(2/(-40)). Suppose 223 - 767 = -w*i. What is the units digit of i?
8
Let i be (-4833)/(-6) - 2/4. Suppose -6*a = -a + i. Let n = a + 235. What is the units digit of n?
4
Suppose -8*i + 1014 = -5*i. Suppose -5*h - 4*m = -i, -4*h + 130 = -2*h - m. What is the tens digit of h?
6
Let t be (8 + 4)/2*-12. Let s = -2 - t. What is the tens digit of s?
7
Suppose 3*g + 3*l - 164 = -14, -3*g + 5*l + 166 = 0. Let i = g - 13. What is the units digit of i?
9
Suppose -2415 = -495*p + 490*p. What is the units digit of p?
3
Let k = 14 - 25. Let b(i) = 2*i**2 - 21*i + 12. Let m(f) = -f**2 + 10*f - 6. Let n(s) = k*m(s) - 6*b(s). What is the units digit of n(11)?
9
Let j = -30 - -16. Let m = j - -23. Let x(a) = a**3 - 8*a**2 - 5*a + 13. What is the tens digit of x(m)?
4
Let a(q) = 5*q**3 - 7*q**2 - 15*q + 4. Let i(p) = -p**3 + p. Let n(m) = -a(m) - 4*i(m). Let b be n(8). Suppose -3*u = -b - 70. What is the tens digit of u?
3
Suppose 4 + 14 = 3*r. Suppose 0 = -4*g + 2*m - r*m + 16, 3*m = -5*g + 20. Suppose -4*z = c - 70, g*c - 96 = 2*c + 3*z. What is the tens digit of c?
5
Suppose g - 4*g = -5*q + 5193, -4*q = 2*g - 4172. What is the tens digit of q?
4
Suppose -4 = 5*o - 19. Let j(y) = 46*y + 1. Let w be j(1). Let d = w + o. What is the units digit of d?
0
Let p(q) = -59*q + 5. Let r be p(-6). Let a = -246 + r. What is the units digit of a?
3
Let z be (-3)/(-6)*(-18 - 0). Let q(h) = -h**3 - 7*h**2 + 10*h + 13. Let l be q(z). Let r = -54 + l. What is the units digit of r?
1
Let l(r) = -r**2 - 9*r + 1. Let d(y) = 3*y + 16. Let x(w) = 2*w + 8. Let g(i) = 6*d(i) - 10*x(i). Let a be g(11). What is the tens digit of l(a)?
1
Let j = 3543 + -2298. What is the tens digit of j?
4
Let l(v) = 2*v**2 - v + 2. Let a be l(0). What is the units digit of ((-4)/12)/(a/(-444))?
4
What is the thousands digit of (-7)/(-2)*160820/301?
1
Suppose -1208 = 2*m - 6*m + 2*p, 4*m + 3*p = 1228. What is the hundreds digit of m?
3
Suppose w - 68 = -2*p, 5*p + w - 36 = 4*p. Suppose 3*x - p = -230. What is the tens digit of 32/56 + x/(-7)?
1
Suppose 0 = -3*q + 4*g - 7*g + 654, 5*g = 5*q - 1080. What is the hundreds digit of q?
2
Suppose -2*m = -m + 4*i - 239, -672 = -3*m - 3*i. Suppose 0 = 2*b + 4*y - 210, -2*y = -2*b - 3*y + m. What is the units digit of b?
1
Suppose j = 8*j - 35. Let d(f) be the second derivative of -f**4/12 + 5*f**3/3 - f**2/2 - 2*f. What is the tens digit of d(j)?
2
Suppose -3*m + 7636 = m. Suppose -501 + m = 11*c. What is the units digit of c?
8
Suppose 0 = -3*p + i - 6*i + 440, -2*p + i + 289 = 0. What is the units digit of p?
5
Let s(j) = 23*j - 821. What is the tens digit of s(51)?
5
What is the hundreds digit of 2 + 2 + 0 + 658?
6
What is the tens digit of 1/(1/6514) - (-31 - -25)?
2
Let r = -5 - -6. Let a be (4 + -5)/((4/(-78))/(-2)). Let c = r - a. What is the units digit of c?
0
Let p = -74 + 70. What is the tens digit of 24/(5 + -4) + p?
2
Let a = 241 - 217. What is the tens digit of a?
2
Let u be 3 + -3 + 2 + 0. Suppose 197 = u*y + 49. What is the tens digit of y?
7
Suppose 3*m - 2*m - 7 = 0. Let z(q) = -q**2 + 8*q - 3. What is the units digit of z(m)?
4
Suppose 7*g - 22*g = 195. Let p(w) = -w**3 + 2*w**2 + 4*w - 7. Let j be p(5). Let s = g - j. What is the tens digit of s?
4
Let w be 23/7 + 4/(-14). Suppose w*j - 4*j = 0. Suppose -3*o = -5*u + 210, j = u - 4*o - 2 - 57. What is the tens digit of u?
3
Let x = -120 + 119. What is the hundreds digit of 173*(-1)/(-2 - x)?
1
Suppose 1607 + 2547 = 31*o. What is the tens digit of o?
3
Let c be ((-10)/6)/(847/126 + -7). What is the tens digit of (-77)/(-2)*3/9*c?
7
Let t = 297 - -126. What is the units digit of t?
3
Let u(i) = i**3 + 5*i**2 + 19*i - 13. What is the hundreds digit of u(10)?
6
Suppose -34*i = -32*i - 82. Let r(l) = 10*l + 2. Let j be r(1). Let q = i - j. What is the units digit of q?
9
Let t(z) be the second derivative of -z**3 - 7*z**2/2 + 2*z. Let y be t(-5). Let